{"id":1352,"date":"2022-02-12T14:05:55","date_gmt":"2022-02-12T13:05:55","guid":{"rendered":"http:\/\/www.esv-Muenchen-west.de\/?page_id=1352"},"modified":"2024-01-10T21:31:05","modified_gmt":"2024-01-10T20:31:05","slug":"esv-beitraege","status":"publish","type":"page","link":"https:\/\/www.esv-Muenchen-west.de\/?page_id=1352","title":{"rendered":"Mitgliedsbeitr\u00e4ge"},"content":{"rendered":"\n<h2 class=\"wp-block-heading has-black-color has-text-color\" id=\"jahresbeitrage-an-den-hauptverein\">Jahresbeitr\u00e4ge an den Hauptverein<\/h2>\n\n\n\n<figure class=\"wp-block-table is-style-stripes\"><table><tbody><tr><td><mark style=\"background-color:rgba(0, 0, 0, 0)\" class=\"has-inline-color has-vivid-cyan-blue-color\">Erwachsene,\u00a0 aktiv:\u00a0\u00a0 <\/mark><\/td><td><mark style=\"background-color:rgba(0, 0, 0, 0)\" class=\"has-inline-color has-vivid-cyan-blue-color\">36,- \u20ac<\/mark><\/td><\/tr><tr><td><mark style=\"background-color:rgba(0, 0, 0, 0)\" class=\"has-inline-color has-vivid-cyan-blue-color\">Kinder, Jugendliche in Schul- oder Berufsausbildung, Studierende: <\/mark><\/td><td><mark style=\"background-color:rgba(0, 0, 0, 0)\" class=\"has-inline-color has-vivid-cyan-blue-color\">18,- \u20ac<\/mark><\/td><\/tr><tr><td><mark style=\"background-color:rgba(0, 0, 0, 0)\" class=\"has-inline-color has-vivid-cyan-blue-color\">Passive Mitglieder:<\/mark><\/td><td><mark style=\"background-color:rgba(0, 0, 0, 0)\" class=\"has-inline-color has-vivid-cyan-blue-color\">18,- \u20ac<\/mark><\/td><\/tr><\/tbody><\/table><\/figure>\n\n\n\n<p>Bitte beachten Sie die zus\u00e4tzlichen Beitr\u00e4ge an die <a href=\"http:\/\/www.esv-muenchen-west.de\/?page_id=50\">Tennisabteilung<\/a> bzw. die <a href=\"http:\/\/www.esv-muenchen-west.de\/?page_id=375\">Abteilung Stockschie\u00dfen.<\/a><\/p>\n","protected":false},"excerpt":{"rendered":"<p>Jahresbeitr\u00e4ge an den Hauptverein Erwachsene,\u00a0 aktiv:\u00a0\u00a0 36,- \u20ac Kinder, Jugendliche in Schul- oder Berufsausbildung, Studierende: 18,- \u20ac Passive Mitglieder: 18,- \u20ac Bitte beachten Sie die zus\u00e4tzlichen Beitr\u00e4ge an die Tennisabteilung bzw. die Abteilung Stockschie\u00dfen.<\/p>\n","protected":false},"author":7,"featured_media":0,"parent":46,"menu_order":0,"comment_status":"closed","ping_status":"closed","template":"","meta":{"iawp_total_views":463,"footnotes":""},"class_list":["post-1352","page","type-page","status-publish","hentry"],"_links":{"self":[{"href":"https:\/\/www.esv-Muenchen-west.de\/index.php?rest_route=\/wp\/v2\/pages\/1352","targetHints":{"allow":["GET"]}}],"collection":[{"href":"https:\/\/www.esv-Muenchen-west.de\/index.php?rest_route=\/wp\/v2\/pages"}],"about":[{"href":"https:\/\/www.esv-Muenchen-west.de\/index.php?rest_route=\/wp\/v2\/types\/page"}],"author":[{"embeddable":true,"href":"https:\/\/www.esv-Muenchen-west.de\/index.php?rest_route=\/wp\/v2\/users\/7"}],"replies":[{"embeddable":true,"href":"https:\/\/www.esv-Muenchen-west.de\/index.php?rest_route=%2Fwp%2Fv2%2Fcomments&post=1352"}],"version-history":[{"count":9,"href":"https:\/\/www.esv-Muenchen-west.de\/index.php?rest_route=\/wp\/v2\/pages\/1352\/revisions"}],"predecessor-version":[{"id":1816,"href":"https:\/\/www.esv-Muenchen-west.de\/index.php?rest_route=\/wp\/v2\/pages\/1352\/revisions\/1816"}],"up":[{"embeddable":true,"href":"https:\/\/www.esv-Muenchen-west.de\/index.php?rest_route=\/wp\/v2\/pages\/46"}],"wp:attachment":[{"href":"https:\/\/www.esv-Muenchen-west.de\/index.php?rest_route=%2Fwp%2Fv2%2Fmedia&parent=1352"}],"curies":[{"name":"wp","href":"https:\/\/api.w.org\/{rel}","templated":true}]}}